{"id":59,"date":"2017-04-02T19:06:14","date_gmt":"2017-04-02T22:06:14","guid":{"rendered":"https:\/\/riverautopecas.com.br\/site\/?page_id=59"},"modified":"2023-03-14T09:40:24","modified_gmt":"2023-03-14T12:40:24","slug":"sobre","status":"publish","type":"page","link":"https:\/\/riverautopecas.com.br\/site\/sobre\/","title":{"rendered":"Sobre"},"content":{"rendered":"<p>[et_pb_section fb_built=&#8221;1&#8243; background_color=&#8221;#3a3a3a&#8221; parallax=&#8221;on&#8221; admin_label=&#8221;section&#8221;][et_pb_row admin_label=&#8221;row&#8221;][et_pb_column type=&#8221;4_4&#8243; parallax=&#8221;off&#8221; parallax_method=&#8221;on&#8221;][et_pb_image src=&#8221;https:\/\/i.imgur.com\/Ouedll3.jpg&#8221; admin_label=&#8221;Imagem&#8221;]<\/p>\n<p>\u00a0<\/p>\n<p>[\/et_pb_image][\/et_pb_column][\/et_pb_row][\/et_pb_section][et_pb_section fb_built=&#8221;1&#8243; admin_label=&#8221;section&#8221;][et_pb_row admin_label=&#8221;row&#8221;][et_pb_column type=&#8221;1_2&#8243; parallax=&#8221;off&#8221; parallax_method=&#8221;on&#8221;][et_pb_blurb image=&#8221;https:\/\/i.imgur.com\/3Lrif8u.png&#8221; alt=&#8221;River 30 anos&#8221; animation=&#8221;bottom&#8221; text_orientation=&#8221;center&#8221; admin_label=&#8221;Sinopse&#8221; body_font=&#8221;|on|||&#8221;]<\/p>\n<p style=\"text-align: center;\">A River possui <strong>30 anos<\/strong> em lideran\u00e7a no ramo Automotivo!<br \/>\nFazemos parte da maior rede \u00a0de auto pe\u00e7as do Brasil!<\/p>\n<p>[\/et_pb_blurb][\/et_pb_column][et_pb_column type=&#8221;1_2&#8243; parallax=&#8221;off&#8221; parallax_method=&#8221;on&#8221;][et_pb_text admin_label=&#8221;Texto&#8221; header_font_size_last_edited=&#8221;off|desktop&#8221; text_line_height=&#8221;1.4em&#8221;]<\/p>\n<p>A River Auto Pe\u00e7as trabalha com mais de 20.000 itens em pe\u00e7as para carros nacionais e importados. Com grande variedades em acabamentos, acess\u00f3rios, pe\u00e7as mec\u00e2nicas, el\u00e9tricas, para carros antigos e novos.<\/p>\n<p>Oferecemos servi\u00e7os de auto center, com \u00eanfase em pneus, alinhamento, balanceamento, suspens\u00e3o, troca de \u00f3leo, sistema de freios, entre outros.<\/p>\n<p>Sempre inovando e trazendo o melhor para seus clientes, a River faz parte da Rede \u00c2ncora, a maior rede de auto pe\u00e7as do Brasil.<\/p>\n<p>[\/et_pb_text][\/et_pb_column][\/et_pb_row][\/et_pb_section][et_pb_section fb_built=&#8221;1&#8243; background_color=&#8221;#d8d8d8&#8243; admin_label=&#8221;section&#8221;][et_pb_row parallax_method_1=&#8221;off&#8221; admin_label=&#8221;row&#8221;][et_pb_column type=&#8221;1_2&#8243; parallax=&#8221;off&#8221; parallax_method=&#8221;off&#8221;][et_pb_text text_orientation=&#8221;justified&#8221; admin_label=&#8221;Hist\u00f3ria&#8221; text_font_size=&#8221;16&#8243; text_text_color=&#8221;#000000&#8243;]<\/p>\n<h1 style=\"text-align: center;\">Nossa Hist\u00f3ria<\/h1>\n<p>Fundada em 1988 pelos empres\u00e1rios Miguel Haroldo de Faria e Nilvio Nice de Sousa Alves, que com muita esperan\u00e7a na pr\u00f3pria capacidade de trabalho e com experi\u00eancia no setor de auto pe\u00e7as, contando com o aux\u00edlio de apenas 01 funcion\u00e1rio. Alicer\u00e7ados na for\u00e7a do trin\u00f4mio; trabalho, uni\u00e3o do grupo e reinvestimento do lucro na pr\u00f3pria empresa, os esfor\u00e7os e sacrif\u00edcios em prol do ideal de ser bem sucedido na vida, fez com que a Empresa rapidamente se expandisse ao ponto de admitirem na sociedade mais uma for\u00e7a para somar, e assim crescer ainda mais, o empres\u00e1rio Nereu Nice de Sousa Alves, formam o trio que levaria a Empresa a construir em curto espa\u00e7o de tempo sua sede pr\u00f3pria com 700 m\u00b2 na Avenida Cel.Joaquim de Oliveira Prata, 574. Totalmente informatizada, e com profissionais treinados. A River conta com uma equipe de trabalho din\u00e2mica, onde o atendimento e qualidade \u00e9 uma prioridade desde a sua funda\u00e7\u00e3o.<\/p>\n<p>[\/et_pb_text][\/et_pb_column][et_pb_column type=&#8221;1_2&#8243; parallax=&#8221;off&#8221; parallax_method=&#8221;on&#8221;][et_pb_slider auto=&#8221;on&#8221; auto_ignore_hover=&#8221;on&#8221; top_padding=&#8221;300px&#8221; admin_label=&#8221;fotos antigas slide&#8221;][et_pb_slide background_image=&#8221;https:\/\/i.imgur.com\/IEiJIqF.jpg&#8221; use_bg_overlay=&#8221;off&#8221; use_text_overlay=&#8221;off&#8221; header_font=&#8221;||||&#8221; body_font=&#8221;||||&#8221; custom_button=&#8221;off&#8221; button_icon_placement=&#8221;right&#8221; button_on_hover=&#8221;on&#8221;] [\/et_pb_slide][et_pb_slide background_image=&#8221;https:\/\/i.imgur.com\/PEZ4YH3.jpg&#8221; use_bg_overlay=&#8221;off&#8221; use_text_overlay=&#8221;off&#8221; header_font=&#8221;||||&#8221; body_font=&#8221;||||&#8221; custom_button=&#8221;off&#8221; button_icon_placement=&#8221;right&#8221; button_on_hover=&#8221;on&#8221;] [\/et_pb_slide][et_pb_slide background_image=&#8221;https:\/\/i.imgur.com\/zWAGB0a.jpg&#8221; use_bg_overlay=&#8221;off&#8221; use_text_overlay=&#8221;off&#8221; header_font=&#8221;||||&#8221; body_font=&#8221;||||&#8221; custom_button=&#8221;off&#8221; button_icon_placement=&#8221;right&#8221; button_on_hover=&#8221;on&#8221;] [\/et_pb_slide][et_pb_slide background_image=&#8221;https:\/\/i.imgur.com\/96xVm7l.jpg&#8221; use_bg_overlay=&#8221;off&#8221; use_text_overlay=&#8221;off&#8221; header_font=&#8221;||||&#8221; body_font=&#8221;||||&#8221; custom_button=&#8221;off&#8221; button_icon_placement=&#8221;right&#8221; button_on_hover=&#8221;on&#8221;] [\/et_pb_slide][\/et_pb_slider][\/et_pb_column][\/et_pb_row][\/et_pb_section][et_pb_section fb_built=&#8221;1&#8243; background_color=&#8221;#efefef&#8221; admin_label=&#8221;section&#8221;][et_pb_row parallax_method_1=&#8221;off&#8221; admin_label=&#8221;row&#8221;][et_pb_column type=&#8221;1_2&#8243; parallax=&#8221;off&#8221; parallax_method=&#8221;off&#8221;][et_pb_slider auto=&#8221;on&#8221; auto_ignore_hover=&#8221;on&#8221; bottom_padding=&#8221;405px&#8221; admin_label=&#8221;Deslizante&#8221;][et_pb_slide background_image=&#8221;https:\/\/i.imgur.com\/RhD3PHI.jpg&#8221; use_bg_overlay=&#8221;off&#8221; use_text_overlay=&#8221;off&#8221; admin_title=&#8221;balcao river 805&#8243; header_font=&#8221;||||&#8221; body_font=&#8221;||||&#8221; custom_button=&#8221;off&#8221; button_icon_placement=&#8221;right&#8221; button_on_hover=&#8221;on&#8221;] [\/et_pb_slide][et_pb_slide background_image=&#8221;https:\/\/i.imgur.com\/pEPkkdz.jpg&#8221; use_bg_overlay=&#8221;off&#8221; use_text_overlay=&#8221;off&#8221; admin_title=&#8221;frente ac&#8221; header_font=&#8221;||||&#8221; body_font=&#8221;||||&#8221; custom_button=&#8221;off&#8221; button_icon_placement=&#8221;right&#8221; button_on_hover=&#8221;on&#8221;] [\/et_pb_slide][et_pb_slide background_image=&#8221;https:\/\/i.imgur.com\/8i1KNjW.jpg&#8221; use_bg_overlay=&#8221;off&#8221; use_text_overlay=&#8221;off&#8221; admin_title=&#8221;fach2&#8243; header_font=&#8221;||||&#8221; body_font=&#8221;||||&#8221; custom_button=&#8221;off&#8221; button_icon_placement=&#8221;right&#8221; button_on_hover=&#8221;on&#8221;] [\/et_pb_slide][et_pb_slide background_image=&#8221;https:\/\/i.imgur.com\/xNLzJFr.jpg&#8221; use_bg_overlay=&#8221;off&#8221; use_text_overlay=&#8221;off&#8221; admin_title=&#8221;frente river ap&#8221; header_font=&#8221;||||&#8221; body_font=&#8221;||||&#8221; custom_button=&#8221;off&#8221; button_icon_placement=&#8221;right&#8221; button_on_hover=&#8221;on&#8221;] [\/et_pb_slide][et_pb_slide background_image=&#8221;https:\/\/i.imgur.com\/4vS1XYj.jpg&#8221; use_bg_overlay=&#8221;off&#8221; use_text_overlay=&#8221;off&#8221; admin_title=&#8221;mecan&#8221; header_font=&#8221;||||&#8221; body_font=&#8221;||||&#8221; custom_button=&#8221;off&#8221; button_icon_placement=&#8221;right&#8221; button_on_hover=&#8221;on&#8221;] [\/et_pb_slide][et_pb_slide background_image=&#8221;https:\/\/i.imgur.com\/9FX90cm.jpg&#8221; use_bg_overlay=&#8221;off&#8221; use_text_overlay=&#8221;off&#8221; header_font=&#8221;||||&#8221; body_font=&#8221;||||&#8221; custom_button=&#8221;off&#8221; button_icon_placement=&#8221;right&#8221; button_on_hover=&#8221;on&#8221;] [\/et_pb_slide][et_pb_slide background_image=&#8221;https:\/\/i.imgur.com\/0LuwgRQ.jpg&#8221; use_bg_overlay=&#8221;off&#8221; use_text_overlay=&#8221;off&#8221; admin_title=&#8221;carros oficina&#8221; header_font=&#8221;||||&#8221; body_font=&#8221;||||&#8221; custom_button=&#8221;off&#8221; button_icon_placement=&#8221;right&#8221; button_on_hover=&#8221;on&#8221;] [\/et_pb_slide][et_pb_slide background_image=&#8221;https:\/\/i.imgur.com\/aPbVxFA.jpg&#8221; use_bg_overlay=&#8221;off&#8221; use_text_overlay=&#8221;off&#8221; admin_title=&#8221;cima alinhamento&#8221; header_font=&#8221;||||&#8221; body_font=&#8221;||||&#8221; custom_button=&#8221;off&#8221; button_icon_placement=&#8221;right&#8221; button_on_hover=&#8221;on&#8221;] [\/et_pb_slide][et_pb_slide background_image=&#8221;https:\/\/i.imgur.com\/HleBF7t.jpg&#8221; use_bg_overlay=&#8221;off&#8221; use_text_overlay=&#8221;off&#8221; admin_title=&#8221;valderoda&#8221; header_font=&#8221;||||&#8221; body_font=&#8221;||||&#8221; custom_button=&#8221;off&#8221; button_icon_placement=&#8221;right&#8221; button_on_hover=&#8221;on&#8221;] [\/et_pb_slide][et_pb_slide background_image=&#8221;https:\/\/i.imgur.com\/c0X8OiP.jpg&#8221; use_bg_overlay=&#8221;off&#8221; use_text_overlay=&#8221;off&#8221; admin_title=&#8221;seq carros&#8221; header_font=&#8221;||||&#8221; body_font=&#8221;||||&#8221; custom_button=&#8221;off&#8221; button_icon_placement=&#8221;right&#8221; button_on_hover=&#8221;on&#8221;] [\/et_pb_slide][et_pb_slide background_image=&#8221;https:\/\/i.imgur.com\/ieoITRO.jpg&#8221; use_bg_overlay=&#8221;off&#8221; use_text_overlay=&#8221;off&#8221; admin_title=&#8221;alinhando1&#8243; header_font=&#8221;||||&#8221; body_font=&#8221;||||&#8221; custom_button=&#8221;off&#8221; button_icon_placement=&#8221;right&#8221; button_on_hover=&#8221;on&#8221;] [\/et_pb_slide][et_pb_slide background_image=&#8221;https:\/\/i.imgur.com\/Ygld1LW.jpg&#8221; use_bg_overlay=&#8221;off&#8221; use_text_overlay=&#8221;off&#8221; admin_title=&#8221;o alinhamento&#8221; header_font=&#8221;||||&#8221; body_font=&#8221;||||&#8221; custom_button=&#8221;off&#8221; button_icon_placement=&#8221;right&#8221; button_on_hover=&#8221;on&#8221;] [\/et_pb_slide][et_pb_slide background_image=&#8221;https:\/\/i.imgur.com\/MYSaHPT.jpg&#8221; background_position=&#8221;top_center&#8221; background_size=&#8221;cover&#8221; use_bg_overlay=&#8221;off&#8221; use_text_overlay=&#8221;off&#8221; admin_title=&#8221;alinhando&#8221; header_font=&#8221;||||&#8221; body_font=&#8221;||||&#8221; custom_button=&#8221;off&#8221; button_icon_placement=&#8221;right&#8221; button_on_hover=&#8221;on&#8221;] [\/et_pb_slide][\/et_pb_slider][\/et_pb_column][et_pb_column type=&#8221;1_2&#8243; parallax=&#8221;off&#8221; parallax_method=&#8221;on&#8221;][et_pb_text text_orientation=&#8221;center&#8221; admin_label=&#8221;Miss\u00e3o&#8221; header_font_size=&#8221;25px&#8221; text_font_size=&#8221;15px&#8221; text_text_color=&#8221;#000000&#8243; text_line_height=&#8221;1.2em&#8221; custom_margin=&#8221;|||&#8221;]<\/p>\n<h1 style=\"text-align: center;\">Nossa\u00a0Miss\u00e3o<\/h1>\n<blockquote>\n<p>Oferecer solu\u00e7\u00f5es automotivas com qualidade e \u00e9tica, superando as expectativas dos nossos clientes, buscando aplicar com efic\u00e1cia seus investimentos, contribuindo para uma melhor qualidade de vida dos colaboradores e da sociedade.<\/p>\n<\/blockquote>\n<p>[\/et_pb_text][et_pb_blurb admin_label=&#8221;video top&#8221;]<\/p>\n<p>&nbsp;<\/p>\n<p><iframe src=\"https:\/\/www.youtube-nocookie.com\/embed\/NTj2RI0TgTQ?rel=0&amp;controls=0&amp;showinfo=0\" width=\"560\" height=\"315\" frameborder=\"0\" allowfullscreen=\"allowfullscreen\"><\/iframe><\/p>\n<p>&nbsp;<\/p>\n<p>[\/et_pb_blurb][\/et_pb_column][\/et_pb_row][\/et_pb_section][et_pb_section fb_built=&#8221;1&#8243; background_color=&#8221;#094b8a&#8221; admin_label=&#8221;section&#8221;][et_pb_row admin_label=&#8221;row&#8221;][et_pb_column type=&#8221;1_4&#8243; parallax=&#8221;off&#8221; parallax_method=&#8221;on&#8221;][et_pb_text background_layout=&#8221;dark&#8221; text_orientation=&#8221;center&#8221; admin_label=&#8221;Desde&#8221; text_font_size=&#8221;35&#8243;]<\/p>\n<p>Desde<\/p>\n<p>[\/et_pb_text][et_pb_number_counter title=&#8221;no mercado&#8221; number=&#8221;1988&#8243; percent_sign=&#8221;off&#8221; background_layout=&#8221;dark&#8221; admin_label=&#8221;no mercado&#8221; number_font_size=&#8221;55px&#8221; number_text_color=&#8221;#ffffff&#8221;]<\/p>\n<p>\u00a0<\/p>\n<p>[\/et_pb_number_counter][\/et_pb_column][et_pb_column type=&#8221;1_4&#8243; parallax=&#8221;off&#8221; parallax_method=&#8221;on&#8221;][et_pb_text background_layout=&#8221;dark&#8221; text_orientation=&#8221;center&#8221; admin_label=&#8221;Temos&#8221; text_font_size=&#8221;35&#8243;]<\/p>\n<p>Mais de<\/p>\n<p>[\/et_pb_text][et_pb_number_counter title=&#8221;itens em estoque&#8221; number=&#8221;20000&#8243; percent_sign=&#8221;off&#8221; background_layout=&#8221;dark&#8221; admin_label=&#8221;itens em estoque&#8221; number_font_size=&#8221;55px&#8221; number_text_color=&#8221;#ffffff&#8221;]<\/p>\n<p>\u00a0<\/p>\n<p>[\/et_pb_number_counter][\/et_pb_column][et_pb_column type=&#8221;1_4&#8243; parallax=&#8221;off&#8221; parallax_method=&#8221;on&#8221;][et_pb_text background_layout=&#8221;dark&#8221; text_orientation=&#8221;center&#8221; admin_label=&#8221;Temos&#8221; text_font_size=&#8221;35&#8243;]<\/p>\n<p>Temos<\/p>\n<p>[\/et_pb_text][et_pb_number_counter title=&#8221;anos de experi\u00eancia&#8221; number=&#8221;34&#8243; percent_sign=&#8221;off&#8221; background_layout=&#8221;dark&#8221; admin_label=&#8221;anos de experi\u00eancia&#8221; number_font_size=&#8221;55px&#8221; number_text_color=&#8221;#ffffff&#8221;]<\/p>\n<p>\u00a0<\/p>\n<p>[\/et_pb_number_counter][\/et_pb_column][et_pb_column type=&#8221;1_4&#8243; parallax=&#8221;off&#8221; parallax_method=&#8221;on&#8221;][et_pb_text background_layout=&#8221;dark&#8221; text_orientation=&#8221;center&#8221; admin_label=&#8221;Temos&#8221; text_font_size=&#8221;35&#8243;]<\/p>\n<p>Mais de<\/p>\n<p>[\/et_pb_text][et_pb_number_counter title=&#8221;Tipos de servi\u00e7os automotivos&#8221; number=&#8221;100&#8243; percent_sign=&#8221;off&#8221; background_layout=&#8221;dark&#8221; admin_label=&#8221;Tipo se servi\u00e7os&#8221; number_font_size=&#8221;55px&#8221; number_text_color=&#8221;#ffffff&#8221;]<\/p>\n<p>\u00a0<\/p>\n<p>[\/et_pb_number_counter][\/et_pb_column][\/et_pb_row][\/et_pb_section][et_pb_section fb_built=&#8221;1&#8243; admin_label=&#8221;Se\u00e7\u00e3o&#8221;][et_pb_row admin_label=&#8221;Linha&#8221;][et_pb_column type=&#8221;4_4&#8243; parallax=&#8221;off&#8221; parallax_method=&#8221;on&#8221;][et_pb_text background_layout=&#8221;dark&#8221; text_orientation=&#8221;center&#8221; admin_label=&#8221;Localiza\u00e7\u00e3o&#8221;]<\/p>\n<h1><span style=\"color: #000000;\">Localiza\u00e7\u00e3o<\/span><\/h1>\n<p>[\/et_pb_text][\/et_pb_column][\/et_pb_row][et_pb_row admin_label=&#8221;Linha&#8221;][et_pb_column type=&#8221;1_2&#8243; parallax=&#8221;off&#8221; parallax_method=&#8221;on&#8221;][et_pb_map address=&#8221;Av. Cel. Joaquim de O. Prata, 574 &#8211; Bom Retiro, Uberaba &#8211; MG, Brasil&#8221; zoom_level=&#8221;17&#8243; address_lat=&#8221;-19.7671616&#8243; address_lng=&#8221;-47.942823299999986&#8243; mouse_wheel=&#8221;off&#8221; admin_label=&#8221;Mapa&#8221;][et_pb_map_pin title=&#8221;River Auto Pe\u00e7as&#8221; pin_address=&#8221;Av. Cel. Joaquim de O. Prata, 574 &#8211; Bom Retiro, Uberaba &#8211; MG, Brasil&#8221; pin_address_lat=&#8221;-19.7671616&#8243; pin_address_lng=&#8221;-47.942823299999986&#8243;]<\/p>\n<p>River Auto Pe\u00e7as<\/p>\n<p>[\/et_pb_map_pin][\/et_pb_map][et_pb_text text_orientation=&#8221;center&#8221; admin_label=&#8221;Texto&#8221; text_font_size=&#8221;17&#8243;]<\/p>\n<p>River Auto Pe\u00e7as<\/p>\n<p>[\/et_pb_text][\/et_pb_column][et_pb_column type=&#8221;1_2&#8243; parallax=&#8221;off&#8221; parallax_method=&#8221;on&#8221;][et_pb_map address=&#8221;Av. Cel. Joaquim de O. Prata, 574 &#8211; Bom Retiro, Uberaba &#8211; MG, Brasil&#8221; zoom_level=&#8221;17&#8243; address_lat=&#8221;-19.7671616&#8243; address_lng=&#8221;-47.942823299999986&#8243; mouse_wheel=&#8221;off&#8221; admin_label=&#8221;Mapa&#8221;][et_pb_map_pin title=&#8221;River Auto Center&#8221; pin_address=&#8221;Av. Cel. Joaquim de O. Prata, 630 &#8211; Bom Retiro, Uberaba &#8211; MG, Brasil&#8221; pin_address_lat=&#8221;-19.7675602&#8243; pin_address_lng=&#8221;-47.94292889999997&#8243;]<\/p>\n<p>River Auto Pe\u00e7as<\/p>\n<p>[\/et_pb_map_pin][\/et_pb_map][et_pb_text text_orientation=&#8221;center&#8221; admin_label=&#8221;Texto&#8221; text_font_size=&#8221;17&#8243;]<\/p>\n<p>River Auto\u00a0Center<\/p>\n<p>[\/et_pb_text][\/et_pb_column][\/et_pb_row][\/et_pb_section][et_pb_section fb_built=&#8221;1&#8243; background_color=&#8221;#3d3d3d&#8221; admin_label=&#8221;Se\u00e7\u00e3o&#8221; global_module=&#8221;1452&#8243;][et_pb_row parallax_method_1=&#8221;off&#8221; admin_label=&#8221;Linha&#8221;][et_pb_column type=&#8221;4_4&#8243; parallax=&#8221;off&#8221; parallax_method=&#8221;off&#8221;][et_pb_signup mailchimp_list=&#8221;d5ddf73606&#8243; title=&#8221;Cadastre e receba novidades:&#8221; background_color=&#8221;rgba(10,77,138,0.97)&#8221; disabled_on=&#8221;on|on|on&#8221; admin_label=&#8221;E-Mail Optin&#8221;]<\/p>\n<p>Deixe seu e-mail e fique por dentro de novidades, futuros eventos, ofertas exclusivas, dicas para seu carro e muito mais!<\/p>\n<p>[\/et_pb_signup][\/et_pb_column][\/et_pb_row][et_pb_row custom_padding=&#8221;11px|0px|26.9688px|0px&#8221; parallax_method_1=&#8221;off&#8221; parallax_method_2=&#8221;off&#8221; parallax_method_3=&#8221;off&#8221; parallax_method_4=&#8221;off&#8221; admin_label=&#8221;row&#8221;][et_pb_column type=&#8221;1_4&#8243; parallax=&#8221;off&#8221; parallax_method=&#8221;off&#8221;][et_pb_blurb title=&#8221;Or\u00e7amento&#8221; url=&#8221;https:\/\/riverautopecas.com.br\/site\/orcamento-de-pecas\/&#8221; use_icon=&#8221;on&#8221; font_icon=&#8221;%%209%%&#8221; icon_color=&#8221;#ffffff&#8221; icon_placement=&#8221;left&#8221; animation=&#8221;left&#8221; background_layout=&#8221;dark&#8221; text_orientation=&#8221;center&#8221; admin_label=&#8221;Or\u00e7amento&#8221; header_font_size=&#8221;16px&#8221; saved_tabs=&#8221;all&#8221;]<\/p>\n<p>[\/et_pb_blurb][et_pb_blurb title=&#8221;Av. Cel. Joaquim&#8221; url=&#8221;https:\/\/riverautopecas.com.br\/site\/contato\/&#8221; use_icon=&#8221;on&#8221; font_icon=&#8221;%%249%%&#8221; icon_color=&#8221;#4389c1&#8243; icon_placement=&#8221;left&#8221; background_layout=&#8221;dark&#8221; text_orientation=&#8221;center&#8221; admin_label=&#8221;Endere&#8221; header_font_size=&#8221;14px&#8221; body_font_size=&#8221;12px&#8221; body_line_height=&#8221;1em&#8221;]<\/p>\n<p>de Oliveira Prata, 574<\/p>\n<p>[\/et_pb_blurb][et_pb_blurb title=&#8221;Mercado Livre&#8221; url=&#8221;https:\/\/riverautopecas.com.br\/ml&#8221; url_new_window=&#8221;on&#8221; image=&#8221;https:\/\/riverautopecas.com.br\/site\/wp-content\/uploads\/2017\/05\/mercado_livre.png&#8221; icon_placement=&#8221;left&#8221; background_layout=&#8221;dark&#8221; text_orientation=&#8221;center&#8221; admin_label=&#8221;mercadoliv&#8221; header_font_size=&#8221;14px&#8221; body_font_size=&#8221;12px&#8221;]<\/p>\n<p>Ofertas Exclusivas<\/p>\n<p>[\/et_pb_blurb][\/et_pb_column][et_pb_column type=&#8221;1_4&#8243; parallax=&#8221;off&#8221; parallax_method=&#8221;off&#8221;][et_pb_blurb title=&#8221;Servi\u00e7os &#8221; url=&#8221;https:\/\/riverautopecas.com.br\/site\/servicos\/&#8221; use_icon=&#8221;on&#8221; font_icon=&#8221;%%173%%&#8221; icon_color=&#8221;#ffffff&#8221; icon_placement=&#8221;left&#8221; animation=&#8221;bottom&#8221; background_layout=&#8221;dark&#8221; text_orientation=&#8221;center&#8221; disabled_on=&#8221;||off&#8221; admin_label=&#8221;agendamen&#8221; header_font_size=&#8221;16px&#8221; saved_tabs=&#8221;all&#8221;]<\/p>\n<p>[\/et_pb_blurb][et_pb_blurb title=&#8221;Seg-Sex 8h-17h30&#8243; url=&#8221;https:\/\/riverautopecas.com.br\/site\/contato\/&#8221; use_icon=&#8221;on&#8221; font_icon=&#8221;%%227%%&#8221; icon_color=&#8221;#4389c1&#8243; icon_placement=&#8221;left&#8221; background_layout=&#8221;dark&#8221; text_orientation=&#8221;center&#8221; admin_label=&#8221;horario&#8221; header_font_size=&#8221;14px&#8221; body_font=&#8221;||||&#8221; body_font_size=&#8221;12px&#8221;]<\/p>\n<p>S\u00e1bados 8h-12h<\/p>\n<p>[\/et_pb_blurb][et_pb_blurb title=&#8221;Rede \u00c2ncora&#8221; url=&#8221;redeancora.com.br&#8221; url_new_window=&#8221;on&#8221; image=&#8221;https:\/\/i.imgur.com\/2PnycN1.png&#8221; icon_placement=&#8221;left&#8221; background_layout=&#8221;dark&#8221; text_orientation=&#8221;center&#8221; admin_label=&#8221;ancora&#8221; header_font_size=&#8221;14px&#8221; body_font_size=&#8221;12px&#8221;]<\/p>\n<p>de auto pe\u00e7as<\/p>\n<p>[\/et_pb_blurb][\/et_pb_column][et_pb_column type=&#8221;1_4&#8243; parallax=&#8221;off&#8221; parallax_method=&#8221;off&#8221;][et_pb_blurb title=&#8221;Link \u00dateis&#8221; url=&#8221;https:\/\/riverautopecas.com.br\/site\/links-uteis&#8221; use_icon=&#8221;on&#8221; font_icon=&#8221;%%136%%&#8221; icon_color=&#8221;#ffffff&#8221; icon_placement=&#8221;left&#8221; background_layout=&#8221;dark&#8221; text_orientation=&#8221;center&#8221; admin_label=&#8221;Links \u00fateis&#8221; header_font_size=&#8221;16px&#8221; header_text_color=&#8221;#ffffff&#8221;]<\/p>\n<p>[\/et_pb_blurb][et_pb_blurb title=&#8221;(34) 2103-0800&#8243; url=&#8221;https:\/\/riverautopecas.com.br\/site\/contato\/&#8221; use_icon=&#8221;on&#8221; font_icon=&#8221;%%264%%&#8221; icon_color=&#8221;#4389c1&#8243; icon_placement=&#8221;left&#8221; background_layout=&#8221;dark&#8221; text_orientation=&#8221;center&#8221; admin_label=&#8221;telepho&#8221; header_font=&#8221;|on|||&#8221; header_font_size=&#8221;15px&#8221;]<\/p>\n<p>[\/et_pb_blurb][et_pb_blurb title=&#8221;Site Seguro&#8221; url=&#8221;https:\/\/riverautopecas.com.br&#8221; image=&#8221;https:\/\/riverautopecas.com.br\/site\/wp-content\/uploads\/2017\/05\/ssl.png&#8221; icon_placement=&#8221;left&#8221; background_layout=&#8221;dark&#8221; text_orientation=&#8221;center&#8221; admin_label=&#8221;ssl&#8221; header_font_size=&#8221;14px&#8221; body_font_size=&#8221;12px&#8221;]<\/p>\n<p>Conex\u00e3o ssl<\/p>\n<p>[\/et_pb_blurb][\/et_pb_column][et_pb_column type=&#8221;1_4&#8243; parallax=&#8221;off&#8221; parallax_method=&#8221;off&#8221;][et_pb_blurb title=&#8221;Blog River&#8221; url=&#8221;https:\/\/riverautopecas.com.br\/site\/blog\/&#8221; use_icon=&#8221;on&#8221; font_icon=&#8221;%%86%%&#8221; icon_color=&#8221;#ffffff&#8221; icon_placement=&#8221;left&#8221; animation=&#8221;right&#8221; background_layout=&#8221;dark&#8221; text_orientation=&#8221;center&#8221; admin_label=&#8221;Blog&#8221; header_font_size=&#8221;16px&#8221;]<\/p>\n<p>[\/et_pb_blurb][et_pb_blurb url=&#8221;https:\/\/riverautopecas.com.br\/site\/contato\/&#8221; use_icon=&#8221;on&#8221; font_icon=&#8221;%%238%%&#8221; icon_color=&#8221;#4389c1&#8243; icon_placement=&#8221;left&#8221; background_layout=&#8221;dark&#8221; text_orientation=&#8221;center&#8221; admin_label=&#8221;email&#8221; header_font_size=&#8221;14px&#8221;]<\/p>\n<p>river@riverautopecas.com.br<\/p>\n<p>[\/et_pb_blurb][et_pb_blurb url=&#8221;https:\/\/riverautopecas.com.br\/site\/top-of-mind-2018-river-auto-pecas-e-a-mais-lembrada\/&#8221; image=&#8221;https:\/\/riverautopecas.com.br\/site\/wp-content\/uploads\/2017\/05\/img-topOfMindICO.png&#8221; icon_placement=&#8221;left&#8221; background_layout=&#8221;dark&#8221; text_orientation=&#8221;right&#8221; admin_label=&#8221;topof&#8221;]<\/p>\n<p><strong>TOPofMind<\/strong><br \/>\nTV INTEGRA\u00c7\u00c3O <strong>2017<\/strong><\/p>\n<p>[\/et_pb_blurb][\/et_pb_column][\/et_pb_row][\/et_pb_section]<\/p>\n","protected":false},"excerpt":{"rendered":"<p>[et_pb_section fb_built=&#8221;1&#8243; background_color=&#8221;#3a3a3a&#8221; parallax=&#8221;on&#8221; admin_label=&#8221;section&#8221;][et_pb_row admin_label=&#8221;row&#8221;][et_pb_column type=&#8221;4_4&#8243; parallax=&#8221;off&#8221; parallax_method=&#8221;on&#8221;][et_pb_image src=&#8221;https:\/\/i.imgur.com\/Ouedll3.jpg&#8221; admin_label=&#8221;Imagem&#8221;] \u00a0 [\/et_pb_image][\/et_pb_column][\/et_pb_row][\/et_pb_section][et_pb_section fb_built=&#8221;1&#8243; admin_label=&#8221;section&#8221;][et_pb_row admin_label=&#8221;row&#8221;][et_pb_column type=&#8221;1_2&#8243; parallax=&#8221;off&#8221; parallax_method=&#8221;on&#8221;][et_pb_blurb image=&#8221;https:\/\/i.imgur.com\/3Lrif8u.png&#8221; alt=&#8221;River 30 anos&#8221; animation=&#8221;bottom&#8221; text_orientation=&#8221;center&#8221; admin_label=&#8221;Sinopse&#8221; body_font=&#8221;|on|||&#8221;] A River possui 30 anos em lideran\u00e7a no ramo Automotivo! Fazemos parte da maior rede \u00a0de auto pe\u00e7as do Brasil! [\/et_pb_blurb][\/et_pb_column][et_pb_column type=&#8221;1_2&#8243; parallax=&#8221;off&#8221; parallax_method=&#8221;on&#8221;][et_pb_text admin_label=&#8221;Texto&#8221; header_font_size_last_edited=&#8221;off|desktop&#8221; text_line_height=&#8221;1.4em&#8221;] A [&hellip;]<\/p>\n","protected":false},"author":1,"featured_media":0,"parent":0,"menu_order":0,"comment_status":"closed","ping_status":"closed","template":"","meta":{"spay_email":""},"jetpack_sharing_enabled":true,"jetpack_shortlink":"https:\/\/wp.me\/P8sxwG-X","_links":{"self":[{"href":"https:\/\/riverautopecas.com.br\/site\/wp-json\/wp\/v2\/pages\/59"}],"collection":[{"href":"https:\/\/riverautopecas.com.br\/site\/wp-json\/wp\/v2\/pages"}],"about":[{"href":"https:\/\/riverautopecas.com.br\/site\/wp-json\/wp\/v2\/types\/page"}],"author":[{"embeddable":true,"href":"https:\/\/riverautopecas.com.br\/site\/wp-json\/wp\/v2\/users\/1"}],"replies":[{"embeddable":true,"href":"https:\/\/riverautopecas.com.br\/site\/wp-json\/wp\/v2\/comments?post=59"}],"version-history":[{"count":2,"href":"https:\/\/riverautopecas.com.br\/site\/wp-json\/wp\/v2\/pages\/59\/revisions"}],"predecessor-version":[{"id":7571,"href":"https:\/\/riverautopecas.com.br\/site\/wp-json\/wp\/v2\/pages\/59\/revisions\/7571"}],"wp:attachment":[{"href":"https:\/\/riverautopecas.com.br\/site\/wp-json\/wp\/v2\/media?parent=59"}],"curies":[{"name":"wp","href":"https:\/\/api.w.org\/{rel}","templated":true}]}}