{"id":695,"date":"2017-05-01T13:34:09","date_gmt":"2017-05-01T16:34:09","guid":{"rendered":"https:\/\/riverautopecas.com.br\/site\/?page_id=695"},"modified":"2017-05-25T21:14:20","modified_gmt":"2017-05-26T00:14:20","slug":"pre-agendamento-de-servicos","status":"publish","type":"page","link":"https:\/\/riverautopecas.com.br\/site\/pre-agendamento-de-servicos\/","title":{"rendered":"Pr\u00e9 Agendamento de servi\u00e7os"},"content":{"rendered":"<p>[et_pb_section bb_built=&#8221;1&#8243; admin_label=&#8221;Se\u00e7\u00e3o&#8221; fullwidth=&#8221;on&#8221; transparent_background=&#8221;off&#8221; allow_player_pause=&#8221;off&#8221; inner_shadow=&#8221;off&#8221; parallax=&#8221;off&#8221; parallax_method=&#8221;off&#8221; make_fullwidth=&#8221;off&#8221; use_custom_width=&#8221;off&#8221; width_unit=&#8221;on&#8221; make_equal=&#8221;off&#8221; use_custom_gutter=&#8221;off&#8221;][et_pb_fullwidth_header admin_label=&#8221;Cabe\u00e7alho de Largura Completa&#8221; title=&#8221;Pr\u00e9 Agendamento de servi\u00e7os&#8221; background_layout=&#8221;dark&#8221; text_orientation=&#8221;center&#8221; header_scroll_down=&#8221;on&#8221; scroll_down_icon_size=&#8221;33px&#8221; background_color=&#8221;#0a4d8a&#8221; background_overlay_color=&#8221;rgba(10,77,138,0.01)&#8221; parallax=&#8221;on&#8221; title_font_size=&#8221;40px&#8221; header_fullscreen=&#8221;off&#8221; parallax_method=&#8221;off&#8221; content_orientation=&#8221;center&#8221; image_orientation=&#8221;center&#8221; custom_button_one=&#8221;off&#8221; button_one_letter_spacing=&#8221;0&#8243; button_one_use_icon=&#8221;default&#8221; button_one_icon_placement=&#8221;right&#8221; button_one_on_hover=&#8221;on&#8221; button_one_letter_spacing_hover=&#8221;0&#8243; custom_button_two=&#8221;off&#8221; button_two_letter_spacing=&#8221;0&#8243; button_two_use_icon=&#8221;default&#8221; button_two_icon_placement=&#8221;right&#8221; button_two_on_hover=&#8221;on&#8221; button_two_letter_spacing_hover=&#8221;0&#8243; subhead=&#8221;Agende servi\u00e7o para seu carro!&#8221;]<\/p>\n<p>[\/et_pb_fullwidth_header][\/et_pb_section][et_pb_section bb_built=&#8221;1&#8243; admin_label=&#8221;section&#8221; background_image=&#8221;https:\/\/i.imgur.com\/pwxNgvS.jpg&#8221; transparent_background=&#8221;off&#8221; allow_player_pause=&#8221;off&#8221; inner_shadow=&#8221;on&#8221; parallax=&#8221;on&#8221; parallax_method=&#8221;off&#8221; make_fullwidth=&#8221;off&#8221; use_custom_width=&#8221;off&#8221; width_unit=&#8221;on&#8221; make_equal=&#8221;off&#8221; use_custom_gutter=&#8221;off&#8221; background_color=&#8221;rgba(0,0,0,0.55)&#8221;][et_pb_row admin_label=&#8221;row&#8221; make_fullwidth=&#8221;on&#8221; use_custom_width=&#8221;off&#8221; width_unit=&#8221;on&#8221; use_custom_gutter=&#8221;off&#8221; background_color=&#8221;rgba(0,0,0,0.43)&#8221; allow_player_pause=&#8221;off&#8221; parallax=&#8221;off&#8221; parallax_method=&#8221;off&#8221; make_equal=&#8221;off&#8221; parallax_1=&#8221;off&#8221; parallax_method_1=&#8221;off&#8221; parallax_2=&#8221;off&#8221; parallax_method_2=&#8221;off&#8221;][et_pb_column type=&#8221;1_2&#8243;][et_pb_text admin_label=&#8221;Texto&#8221;]<\/p>\n<div id=\"vfb-form-5\" class=\"visual-form-builder-container\"><form id=\"pre-agendamento-de-servico-5\" class=\"visual-form-builder vfb-form-5  \" method=\"post\" enctype=\"multipart\/form-data\" action=\"\">\n\t\t<input type=\"hidden\" name=\"form_id\" value=\"5\" \/><fieldset class=\"vfb-fieldset vfb-fieldset-1 pre-agendamento-de-servico    \" id=\"item-vfb-36\"><div class=\"vfb-legend\"><h3>Pr\u00e9 Agendamento de Servi\u00e7o<\/h3><\/div><ul class=\"vfb-section vfb-section-1\"><li class=\"vfb-item vfb-item-text   vfb-left-half  \" id=\"item-vfb-40\"><label for=\"vfb-40\" class=\"vfb-desc\">Nome:  <span class=\"vfb-required-asterisk\">*<\/span><\/label><input type=\"text\" name=\"vfb-40\" id=\"vfb-40\" value=\"\" class=\"vfb-text  vfb-large  required  \" \/><\/li>\n<li class=\"vfb-item vfb-item-text   vfb-right-half  \" id=\"item-vfb-41\"><label for=\"vfb-41\" class=\"vfb-desc\">E-mail  <span class=\"vfb-required-asterisk\">*<\/span><\/label><input type=\"text\" name=\"vfb-41\" id=\"vfb-41\" value=\"\" class=\"vfb-text  vfb-large  required  email \" \/><\/li>\n<li class=\"vfb-item vfb-item-number   vfb-left-half  \" id=\"item-vfb-43\"><label for=\"vfb-43\" class=\"vfb-desc\">Telefone ou Celular  <span class=\"vfb-required-asterisk\">*<\/span><\/label><span class=\"vfb-span\"><input type=\"text\" name=\"vfb-43\" id=\"vfb-43\" value=\"\" class=\"vfb-text  vfb-large  required  digits \" \/><label>Lembre - se de colocar o DDD<\/label><\/span><\/li>\n<li class=\"vfb-item vfb-item-text   vfb-right-half  \" id=\"item-vfb-44\"><label for=\"vfb-44\" class=\"vfb-desc\">Carro  <span class=\"vfb-required-asterisk\">*<\/span><\/label><input type=\"text\" name=\"vfb-44\" id=\"vfb-44\" value=\"\" class=\"vfb-text  vfb-large  required  \" \/><\/li>\n<li class=\"vfb-item vfb-item-text   vfb-left-half  \" id=\"item-vfb-45\"><label for=\"vfb-45\" class=\"vfb-desc\">Ano  <span class=\"vfb-required-asterisk\">*<\/span><\/label><input type=\"text\" name=\"vfb-45\" id=\"vfb-45\" value=\"\" class=\"vfb-text  vfb-medium  required  \" \/><\/li>\n<li class=\"vfb-item vfb-item-text   vfb-right-half  \" id=\"item-vfb-46\"><label for=\"vfb-46\" class=\"vfb-desc\">Modelo  <span class=\"vfb-required-asterisk\">*<\/span><\/label><input type=\"text\" name=\"vfb-46\" id=\"vfb-46\" value=\"\" class=\"vfb-text  vfb-large  required  \" \/><\/li>\n<li class=\"vfb-item vfb-item-checkbox  vfb-two-column   \" id=\"item-vfb-111\"><label class=\"vfb-desc\">Principais servi\u00e7os <\/label><div><span class=\"vfb-span\"><input type=\"checkbox\" name=\"vfb-111[]\" id=\"vfb-111-0\" value=\"Alinhamento\" class=\"vfb-checkbox  \" \/><label for=\"vfb-111-0\" class=\"vfb-choice\">Alinhamento<\/label><\/span><span class=\"vfb-span\"><input type=\"checkbox\" name=\"vfb-111[]\" id=\"vfb-111-1\" value=\"Caster e cambagem\" class=\"vfb-checkbox  \" \/><label for=\"vfb-111-1\" class=\"vfb-choice\">Caster e cambagem<\/label><\/span><span class=\"vfb-span\"><input type=\"checkbox\" name=\"vfb-111[]\" id=\"vfb-111-2\" value=\"Toca de pneus\" class=\"vfb-checkbox  \" \/><label for=\"vfb-111-2\" class=\"vfb-choice\">Toca de pneus<\/label><\/span><span class=\"vfb-span\"><input type=\"checkbox\" name=\"vfb-111[]\" id=\"vfb-111-3\" value=\"Sangria de \u00f3leo de freio\" class=\"vfb-checkbox  \" \/><label for=\"vfb-111-3\" class=\"vfb-choice\">Sangria de \u00f3leo de freio<\/label><\/span><span class=\"vfb-span\"><input type=\"checkbox\" name=\"vfb-111[]\" id=\"vfb-111-4\" value=\"Balanceamento\" class=\"vfb-checkbox  \" \/><label for=\"vfb-111-4\" class=\"vfb-choice\">Balanceamento<\/label><\/span><span class=\"vfb-span\"><input type=\"checkbox\" name=\"vfb-111[]\" id=\"vfb-111-5\" value=\"Troca de amortecedores\" class=\"vfb-checkbox  \" \/><label for=\"vfb-111-5\" class=\"vfb-choice\">Troca de amortecedores<\/label><\/span><span class=\"vfb-span\"><input type=\"checkbox\" name=\"vfb-111[]\" id=\"vfb-111-6\" value=\"Troca de \u00f3leo\" class=\"vfb-checkbox  \" \/><label for=\"vfb-111-6\" class=\"vfb-choice\">Troca de \u00f3leo<\/label><\/span><div style=\"clear:both\"><\/div><\/div><\/li>\n<li class=\"vfb-item vfb-item-textarea    \" id=\"item-vfb-48\"><label for=\"vfb-48\" class=\"vfb-desc\">Mais servi\u00e7os: <\/label><div><textarea name=\"vfb-48\" id=\"vfb-48\" class=\"vfb-textarea  vfb-large   \"><\/textarea><\/div><\/li>\n<li class=\"vfb-item vfb-item-submit\" id=\"item-vfb-39\">\n\t\t\t\t\t<input type=\"submit\" name=\"vfb-submit\" id=\"vfb-39\" value=\"Enviar Agendamento\" class=\"vfb-submit \" \/>\n\t\t\t\t\t<\/li><\/ul>&nbsp;<\/fieldset><input type=\"hidden\" name=\"_wp_http_referer\" value=\"\/site\/wp-json\/wp\/v2\/pages\/695\" \/><\/form><\/div> <!-- .visual-form-builder-container -->\n<p>[\/et_pb_text][\/et_pb_column][et_pb_column type=&#8221;1_2&#8243;][\/et_pb_column][\/et_pb_row][\/et_pb_section][et_pb_section bb_built=&#8221;1&#8243; admin_label=&#8221;Se\u00e7\u00e3o&#8221; global_module=&#8221;1452&#8243; background_color=&#8221;#000000&#8243; transparent_background=&#8221;off&#8221; allow_player_pause=&#8221;off&#8221; inner_shadow=&#8221;off&#8221; parallax=&#8221;off&#8221; parallax_method=&#8221;off&#8221; make_fullwidth=&#8221;off&#8221; use_custom_width=&#8221;off&#8221; width_unit=&#8221;on&#8221; make_equal=&#8221;off&#8221; use_custom_gutter=&#8221;off&#8221;][et_pb_row global_parent=&#8221;1452&#8243; admin_label=&#8221;row&#8221; custom_padding=&#8221;11px|0px|26.9688px|0px&#8221; parallax_method_1=&#8221;off&#8221; parallax_method_2=&#8221;off&#8221; parallax_method_3=&#8221;off&#8221; parallax_method_4=&#8221;off&#8221; make_fullwidth=&#8221;on&#8221;][et_pb_column type=&#8221;1_4&#8243;][et_pb_blurb global_parent=&#8221;1452&#8243; admin_label=&#8221;Or\u00e7amento&#8221; title=&#8221;Or\u00e7amento&#8221; url=&#8221;https:\/\/riverautopecas.com.br\/site\/orcamento-de-pecas\/&#8221; use_icon=&#8221;on&#8221; font_icon=&#8221;%%209%%&#8221; icon_color=&#8221;#ffffff&#8221; icon_placement=&#8221;left&#8221; animation=&#8221;left&#8221; background_layout=&#8221;dark&#8221; text_orientation=&#8221;center&#8221; header_font_size=&#8221;16px&#8221; saved_tabs=&#8221;all&#8221;]<\/p>\n<p>[\/et_pb_blurb][et_pb_blurb global_parent=&#8221;1452&#8243; admin_label=&#8221;Endere&#8221; title=&#8221;Av. Cel. Joaquim&#8221; url=&#8221;https:\/\/riverautopecas.com.br\/site\/contato\/&#8221; use_icon=&#8221;on&#8221; font_icon=&#8221;%%249%%&#8221; icon_color=&#8221;#4389c1&#8243; icon_placement=&#8221;left&#8221; background_layout=&#8221;dark&#8221; text_orientation=&#8221;center&#8221; header_font_size=&#8221;14px&#8221; body_font_size=&#8221;12px&#8221; body_line_height=&#8221;1em&#8221;]<\/p>\n<p>de Oliveira Prata, 574<\/p>\n<p>[\/et_pb_blurb][et_pb_blurb global_parent=&#8221;1452&#8243; admin_label=&#8221;mercadoliv&#8221; title=&#8221;Mercado Livre&#8221; url=&#8221;https:\/\/riverautopecas.com.br\/ml&#8221; image=&#8221;https:\/\/riverautopecas.com.br\/site\/wp-content\/uploads\/2017\/05\/mercado_livre.png&#8221; icon_placement=&#8221;left&#8221; background_layout=&#8221;dark&#8221; text_orientation=&#8221;center&#8221; header_font_size=&#8221;14px&#8221; body_font_size=&#8221;12px&#8221;]<\/p>\n<p>Ofertas Exclusivas<\/p>\n<p>[\/et_pb_blurb][\/et_pb_column][et_pb_column type=&#8221;1_4&#8243;][et_pb_blurb global_parent=&#8221;1452&#8243; admin_label=&#8221;agendamen&#8221; title=&#8221;Servi\u00e7os &#8221; url=&#8221;https:\/\/riverautopecas.com.br\/site\/servicos\/&#8221; use_icon=&#8221;on&#8221; font_icon=&#8221;%%173%%&#8221; icon_color=&#8221;#ffffff&#8221; icon_placement=&#8221;left&#8221; animation=&#8221;bottom&#8221; background_layout=&#8221;dark&#8221; text_orientation=&#8221;center&#8221; disabled_on=&#8221;||off&#8221; header_font_size=&#8221;16px&#8221; saved_tabs=&#8221;all&#8221;]<\/p>\n<p>[\/et_pb_blurb][et_pb_blurb global_parent=&#8221;1452&#8243; admin_label=&#8221;horario&#8221; title=&#8221;Seg-Sex 8h-18h&#8221; url=&#8221;https:\/\/riverautopecas.com.br\/site\/contato\/&#8221; use_icon=&#8221;on&#8221; font_icon=&#8221;%%227%%&#8221; icon_color=&#8221;#4389c1&#8243; icon_placement=&#8221;left&#8221; background_layout=&#8221;dark&#8221; text_orientation=&#8221;center&#8221; header_font_size=&#8221;14px&#8221; body_font=&#8221;||||&#8221; body_font_size=&#8221;12px&#8221;]<\/p>\n<p>S\u00e1bados 8h-12h<\/p>\n<p>[\/et_pb_blurb][et_pb_blurb global_parent=&#8221;1452&#8243; admin_label=&#8221;ancora&#8221; title=&#8221;Rede \u00c2ncora&#8221; url=&#8221;redeancora.com.br&#8221; url_new_window=&#8221;on&#8221; image=&#8221;https:\/\/riverautopecas.com.br\/site\/wp-content\/uploads\/2017\/05\/rede.png&#8221; icon_placement=&#8221;left&#8221; background_layout=&#8221;dark&#8221; text_orientation=&#8221;center&#8221; header_font_size=&#8221;14px&#8221; body_font_size=&#8221;12px&#8221;]<\/p>\n<p>de auto pe\u00e7as<\/p>\n<p>[\/et_pb_blurb][\/et_pb_column][et_pb_column type=&#8221;1_4&#8243;][et_pb_blurb global_parent=&#8221;1452&#8243; admin_label=&#8221;Links \u00fateis&#8221; title=&#8221;Link \u00dateis&#8221; url=&#8221;https:\/\/riverautopecas.com.br\/site\/links-uteis&#8221; use_icon=&#8221;on&#8221; font_icon=&#8221;%%136%%&#8221; icon_color=&#8221;#ffffff&#8221; icon_placement=&#8221;left&#8221; background_layout=&#8221;dark&#8221; text_orientation=&#8221;center&#8221; header_font_size=&#8221;16px&#8221; header_text_color=&#8221;#ffffff&#8221;]<\/p>\n<p>[\/et_pb_blurb][et_pb_blurb global_parent=&#8221;1452&#8243; admin_label=&#8221;telepho&#8221; title=&#8221;(34) 2103-0800&#8243; url=&#8221;https:\/\/riverautopecas.com.br\/site\/contato\/&#8221; use_icon=&#8221;on&#8221; font_icon=&#8221;%%264%%&#8221; icon_color=&#8221;#4389c1&#8243; icon_placement=&#8221;left&#8221; background_layout=&#8221;dark&#8221; text_orientation=&#8221;center&#8221; header_font=&#8221;|on|||&#8221; header_font_size=&#8221;15px&#8221;]<\/p>\n<p>[\/et_pb_blurb][et_pb_blurb global_parent=&#8221;1452&#8243; admin_label=&#8221;ssl&#8221; title=&#8221;Site Seguro&#8221; url=&#8221;https:\/\/riverautopecas.com.br&#8221; image=&#8221;https:\/\/riverautopecas.com.br\/site\/wp-content\/uploads\/2017\/05\/ssl.png&#8221; icon_placement=&#8221;left&#8221; background_layout=&#8221;dark&#8221; text_orientation=&#8221;center&#8221; header_font_size=&#8221;14px&#8221; body_font_size=&#8221;12px&#8221;]<\/p>\n<p>Conex\u00e3o ssl<\/p>\n<p>[\/et_pb_blurb][\/et_pb_column][et_pb_column type=&#8221;1_4&#8243;][et_pb_blurb global_parent=&#8221;1452&#8243; admin_label=&#8221;Blog&#8221; title=&#8221;Blog River&#8221; url=&#8221;https:\/\/riverautopecas.com.br\/site\/blog\/&#8221; use_icon=&#8221;on&#8221; font_icon=&#8221;%%86%%&#8221; icon_color=&#8221;#ffffff&#8221; icon_placement=&#8221;left&#8221; animation=&#8221;right&#8221; background_layout=&#8221;dark&#8221; text_orientation=&#8221;center&#8221; header_font_size=&#8221;16px&#8221;]<\/p>\n<p>[\/et_pb_blurb][et_pb_blurb global_parent=&#8221;1452&#8243; admin_label=&#8221;email&#8221; url=&#8221;https:\/\/riverautopecas.com.br\/site\/contato\/&#8221; use_icon=&#8221;on&#8221; font_icon=&#8221;%%238%%&#8221; icon_color=&#8221;#4389c1&#8243; icon_placement=&#8221;left&#8221; background_layout=&#8221;dark&#8221; text_orientation=&#8221;center&#8221; header_font_size=&#8221;14px&#8221;]<\/p>\n<p>river@riverautopecas.com.br<\/p>\n<p>[\/et_pb_blurb][et_pb_blurb global_parent=&#8221;1452&#8243; admin_label=&#8221;topof&#8221; url=&#8221;https:\/\/riverautopecas.com.br&#8221; image=&#8221;https:\/\/riverautopecas.com.br\/site\/wp-content\/uploads\/2017\/05\/img-topOfMindICO.png&#8221; icon_placement=&#8221;left&#8221; background_layout=&#8221;dark&#8221; text_orientation=&#8221;right&#8221;]<\/p>\n<p><strong>TOPofMind<\/strong><br \/>TV INTEGRA\u00c7\u00c3O <strong>2016<\/strong><\/p>\n<p>[\/et_pb_blurb][\/et_pb_column][\/et_pb_row][\/et_pb_section]<\/p>\n","protected":false},"excerpt":{"rendered":"<p>[et_pb_section bb_built=&#8221;1&#8243; admin_label=&#8221;Se\u00e7\u00e3o&#8221; fullwidth=&#8221;on&#8221; transparent_background=&#8221;off&#8221; allow_player_pause=&#8221;off&#8221; inner_shadow=&#8221;off&#8221; parallax=&#8221;off&#8221; parallax_method=&#8221;off&#8221; make_fullwidth=&#8221;off&#8221; use_custom_width=&#8221;off&#8221; width_unit=&#8221;on&#8221; make_equal=&#8221;off&#8221; use_custom_gutter=&#8221;off&#8221;][et_pb_fullwidth_header admin_label=&#8221;Cabe\u00e7alho de Largura Completa&#8221; title=&#8221;Pr\u00e9 Agendamento de servi\u00e7os&#8221; background_layout=&#8221;dark&#8221; text_orientation=&#8221;center&#8221; header_scroll_down=&#8221;on&#8221; scroll_down_icon_size=&#8221;33px&#8221; background_color=&#8221;#0a4d8a&#8221; background_overlay_color=&#8221;rgba(10,77,138,0.01)&#8221; parallax=&#8221;on&#8221; title_font_size=&#8221;40px&#8221; header_fullscreen=&#8221;off&#8221; parallax_method=&#8221;off&#8221; content_orientation=&#8221;center&#8221; image_orientation=&#8221;center&#8221; custom_button_one=&#8221;off&#8221; button_one_letter_spacing=&#8221;0&#8243; button_one_use_icon=&#8221;default&#8221; button_one_icon_placement=&#8221;right&#8221; button_one_on_hover=&#8221;on&#8221; button_one_letter_spacing_hover=&#8221;0&#8243; custom_button_two=&#8221;off&#8221; button_two_letter_spacing=&#8221;0&#8243; button_two_use_icon=&#8221;default&#8221; button_two_icon_placement=&#8221;right&#8221; button_two_on_hover=&#8221;on&#8221; button_two_letter_spacing_hover=&#8221;0&#8243; subhead=&#8221;Agende servi\u00e7o para seu carro!&#8221;] [\/et_pb_fullwidth_header][\/et_pb_section][et_pb_section bb_built=&#8221;1&#8243; admin_label=&#8221;section&#8221; background_image=&#8221;https:\/\/i.imgur.com\/pwxNgvS.jpg&#8221; [&hellip;]<\/p>\n","protected":false},"author":1,"featured_media":0,"parent":0,"menu_order":0,"comment_status":"closed","ping_status":"closed","template":"","meta":{"spay_email":""},"jetpack_sharing_enabled":true,"jetpack_shortlink":"https:\/\/wp.me\/P8sxwG-bd","_links":{"self":[{"href":"https:\/\/riverautopecas.com.br\/site\/wp-json\/wp\/v2\/pages\/695"}],"collection":[{"href":"https:\/\/riverautopecas.com.br\/site\/wp-json\/wp\/v2\/pages"}],"about":[{"href":"https:\/\/riverautopecas.com.br\/site\/wp-json\/wp\/v2\/types\/page"}],"author":[{"embeddable":true,"href":"https:\/\/riverautopecas.com.br\/site\/wp-json\/wp\/v2\/users\/1"}],"replies":[{"embeddable":true,"href":"https:\/\/riverautopecas.com.br\/site\/wp-json\/wp\/v2\/comments?post=695"}],"version-history":[{"count":0,"href":"https:\/\/riverautopecas.com.br\/site\/wp-json\/wp\/v2\/pages\/695\/revisions"}],"wp:attachment":[{"href":"https:\/\/riverautopecas.com.br\/site\/wp-json\/wp\/v2\/media?parent=695"}],"curies":[{"name":"wp","href":"https:\/\/api.w.org\/{rel}","templated":true}]}}